613. What is the hundreds digit of o?
2
Suppose 5*k = 2*y + 50, -5*y = -3*k + k + 41. Let j = -19 - -27. Let r = j + k. What is the tens digit of r?
1
Let c(i) = -28*i + 2. What is the units digit of c(-2)?
8
Let l(w) = w**2 - 5*w + 6. Let r be l(7). Let p be (-4)/6 - r/(-3). What is the units digit of 3*p*(-2)/(-4)?
9
Let c(l) = l**3 - 5*l**2 + l + 3. Let n be c(5). Suppose -5*i = n - 63. Suppose 5*r - 39 = i. What is the units digit of r?
0
What is the units digit of (8 - 201)/(-1*(1 - 0))?
3
Let l be (-33)/(-7) + (-2)/(-7). Suppose 6 = -5*k + 16. Suppose -k - l = -m. What is the units digit of m?
7
Let o = 1 - 3. Suppose -4*i - j = -0*j + 28, -2*i + 5*j = -8. What is the units digit of o*(0 - (-3)/i)?
1
Suppose 0*c - 36 = -2*m - 2*c, 0 = -3*m - c + 48. Let k = 11 - 6. Suppose 3*a + d + 0*d = 0, k*d + m = 0. What is the units digit of a?
1
Let m(j) be the first derivative of -j**2/2 + 2*j - 2. Let a be m(5). What is the tens digit of -3 + 4 + 8 - a?
1
Let x be 36/5 + 5/(-25). Let c(t) = -8 - 5*t + t**3 - 7 - 6*t**2 + 6. What is the units digit of c(x)?
5
Let s = 81 + -35. What is the units digit of s?
6
Suppose 0 = -3*b + 5*b, -b - 6 = -3*v. Suppose 4*s - i = -0*i - 3, 0 = 5*s - 3*i + 9. Suppose s*j + 16 = v*j. What is the units digit of j?
8
Suppose 4*b + 0*j + 26 = -2*j, 4*b = 3*j - 41. What is the units digit of -3*2/(-3) - b?
0
Let z(i) = -15*i. Let j be z(-1). Let r = -25 + j. Let d = r + 16. What is the units digit of d?
6
Let r = 4 + 60. What is the tens digit of r?
6
Suppose 116 + 56 = 2*x. What is the units digit of x?
6
Suppose -6*v + 808 = 310. What is the tens digit of v?
8
Suppose 0 = 3*w + 3*m + 9 + 12, -4*w = -3*m. Let z(x) = 2*x - 2. Let y be z(w). Let p = 16 + y. What is the units digit of p?
8
Let r(j) = j**2 + 10*j + 37. What is the units digit of r(-11)?
8
Let l = -19 - -7. Let r = l + 3. Let z = r + 14. What is the units digit of z?
5
Let j = 583 - 2137. What is the tens digit of (-4)/22 + j/(-77)?
2
Let z = 94 + -58. What is the tens digit of z?
3
Suppose -15 = 2*a + 4*j - 1, 4*a = -5*j - 13. Suppose 2*g + 35 = -3*s - 3*g, -a*s + 2*g = 49. What is the units digit of (-129)/s - (-6)/15?
9
What is the units digit of (1/(-2))/(843/282 - 3)?
7
Let x(t) = t**2 - 4*t + 1. Let r be x(3). Suppose -18 = 4*g - 6. Let d = r - g. What is the units digit of d?
1
Let o(q) = 3*q + 2. Let i be o(4). Let h be -8 + 6 - (0 - i). What is the units digit of 2/h + 47/6?
8
Let o = 16 + 4. Let z = -11 + o. What is the units digit of z?
9
Suppose 4*k - 31 + 7 = 0. Let i(s) = s**3 - 5*s**2 - 5*s - 1. What is the units digit of i(k)?
5
Let g(w) = 7*w + 2. Suppose -3*l + 2*m = -l + 10, -2*m + 4 = -l. Let q be g(l). What is the units digit of ((-2)/(-5))/((-4)/q)?
4
Suppose 4*k - 2 = 3*k. Suppose -24 = -2*u - k*u. What is the units digit of u?
6
Suppose -2*f - 42 = -3*n, -2*f - 3*f = -5*n + 75. Suppose -4*l - r - 29 = 0, n = -l + 3*r - 5. Let z = l - -14. What is the units digit of z?
6
Suppose -5*h + 225 - 10 = 0. What is the tens digit of h?
4
Let c = -1 - -1. Suppose 0 = -s - c + 24. Suppose s = y + 3*y. What is the units digit of y?
6
Suppose 7*t - 2*t + 125 = 0. Let u = t + 12. Let n = u - -27. What is the tens digit of n?
1
Suppose 4*c - 6 = f, -3*f + 67 = 3*c + 10. What is the tens digit of f?
1
What is the units digit of 2 - (-4 - (-2 - 3))?
1
Let r(q) = -q - 3. Let n be r(-7). Suppose s + 13 = 5*x, -x + n = x. What is the tens digit of (1/s)/(3/(-171))?
1
Let p(f) = 3*f**3 - 4*f**2 + 2*f - 10. What is the hundreds digit of p(4)?
1
Let m = 3 - -2. Suppose 3*f = -m*u + 10, -1 = -5*u - 21. What is the units digit of f?
0
Suppose -46 + 4 = 3*v. Let o = 44 + v. What is the units digit of o?
0
Let o = -4 + 2. Let w(y) = 18*y**2 + 2*y + 1. Let n be w(o). Suppose 0 = -4*t - 3*k + n, 54 = t + 2*t + 3*k. What is the tens digit of t?
1
Suppose s - 234 = 4*s - 2*t, 5*t - 15 = 0. Let p = -50 - s. What is the tens digit of p?
2
Let u(r) = 11*r - 39. What is the hundreds digit of u(16)?
1
Suppose -8 = 3*r + 2*j, 2*j + 20 = -r - 3*j. Suppose -3*z + 25 - 1 = r. What is the units digit of z?
8
Let f = -6 + 4. Let d(y) = -2*y**3 + y**2 - y + 2. What is the units digit of d(f)?
4
Suppose 14 = -4*o + 46. Suppose 33 = p - o. What is the tens digit of p?
4
Suppose 3*w = -78 + 33. Suppose 5*b - 13*b + 264 = 0. Let k = w + b. What is the tens digit of k?
1
Suppose -5*j = -4*j. Let q be (1 + j)/1*-3. Let i = q - -10. What is the units digit of i?
7
What is the hundreds digit of (-217 - 2)/((27/(-6))/3)?
1
Suppose 3 = 2*q - 4*s + 1, 1 = q + 5*s. Let i be (q/3)/(2/18). Suppose -2*g - 4*k = -16, 2*g + i*k + 0 = 15. What is the units digit of g?
6
Let l(i) = i + 2. Let b be l(-4). What is the units digit of 1 - (-1 + 2 + b)?
2
Let g be 408/20 - 2/5. Suppose n + 5*m + 8 = 0, -m + g = -6*m. What is the tens digit of n?
1
Let t be 4/12 + (-560)/(-3). Suppose 23 + t = 5*f. What is the units digit of f?
2
Let d be (12/9)/(2/(-12)). Let x(t) = -t**3 - 8*t**2 - t + 10. What is the tens digit of x(d)?
1
Suppose -4*q - 3*x = -47, -5*q + 4*x - 4 + 86 = 0. Let u = q - -1. Let j = -11 + u. What is the units digit of j?
4
Let z(l) be the first derivative of -l**4/4 - 3*l**3 - l**2 - 7*l + 3. What is the units digit of z(-9)?
1
Suppose 0*x - 4 = -2*x. Suppose 2*k - x = 6. Suppose 0 = k*t - 68 + 20. What is the units digit of t?
2
Let u(y) = -3*y**3 + 2. Let f be u(2). Let w = f + 40. What is the tens digit of w?
1
Let m(u) = -u**3 + 5*u**2 + 4*u - 5. Let l be m(6). Suppose 0 = -13*k + 9*k - 24. What is the units digit of 4 - 1 - (l - k)?
4
Let w(j) = -26*j + 8. What is the tens digit of w(-5)?
3
Let w = 82 - 73. What is the units digit of w?
9
Let k(l) = -l**2 + 7*l + 10. Let o be k(7). Let x be (8/o)/((-6)/(-15)). Suppose 3*t - 63 = 5*b, 5*t - 4 = -x*b + 70. What is the units digit of t?
6
Suppose -2*j = 4*u - 0*u - 660, -u - 680 = -2*j. What is the hundreds digit of j?
3
What is the units digit of (-8)/6*87/(-2)?
8
Suppose 4*i - 2*i - 4 = 0. Suppose 5*c - 207 = -f, c - 127 = -i*c - 2*f. What is the units digit of c?
1
Let b be -3 + (-2 - -3) - 76. Let q = 118 + b. Suppose 0 = 4*m + 20, q = -g + 3*g - 4*m. What is the tens digit of g?
1
Let n = -10 + 29. Let t = n + -6. What is the units digit of t?
3
Suppose 2*a - 4 = 0, -3*j + 0*a = 3*a + 3. Let r = j - -9. What is the units digit of r?
6
Let w(g) = 2*g + 3. What is the units digit of w(3)?
9
Let z be 2/(-1) - (-3 - -2). What is the tens digit of 46*z*4/(-8)?
2
Suppose -4*j = 2*t - 284, -3*t + 2*j - 94 = -552. What is the tens digit of t?
5
Let b(l) be the second derivative of l**3/6 + 15*l**2/2 - 3*l. What is the units digit of b(-7)?
8
Let l(z) = z**2 + 16*z + 10. What is the tens digit of l(-19)?
6
What is the hundreds digit of 2228/20 - (-4)/(-10)?
1
What is the tens digit of (14 + -16)*(-442)/4?
2
Suppose 8*a - 9*a + 7 = 0. What is the units digit of (28/a)/((-2)/(-3))?
6
Let i(q) = -q**3 - 6*q**2 - 6*q - 2. What is the units digit of i(-5)?
3
Let u(x) = -x**2 - 9*x + 6. Let w be u(-10). What is the tens digit of 17 + -3*w/6?
1
Suppose -2*s - 33 = 3*o, 8*o + 5 = 3*o. Let w = s - -24. What is the units digit of w?
9
Let q be (-4)/2 - (0 + 2). Let y(u) = -u**3 - 5*u**2 - 6*u - 5. What is the units digit of y(q)?
3
Let l(d) = d**2 + 5*d + 3. Let y be l(-5). Suppose -m - 2*n = -8, -y*m + 11 + 13 = -2*n. What is the units digit of m?
8
Let l(x) = -3*x + 11. What is the units digit of l(-12)?
7
Suppose 2*r - 16 = -2*r, -4*x = -3*r + 4. Suppose x*z - q - 43 = 0, -34 = -2*z - q - q. What is the tens digit of z?
2
Suppose 2*n + 4*n = 18. Let h(l) = l**2 - l - 5. What is the units digit of h(n)?
1
Let u be (2 + 4)*6/4. What is the units digit of (-2)/(3 + -2) + u?
7
Let s = -16 - -47. What is the units digit of s?
1
Let l(c) = 3*c - 12. What is the units digit of l(6)?
6
Let y be 195/10 + 2/4. Suppose -b - 5*s = -7, -3*b = -5*s - 21 - y. What is the tens digit of b?
1
Let b = 143 - 77. Let c = b + -143. What is the tens digit of 7/(-28) + c/(-4)?
1
Let x(l) = l**2 + 12*l - 43. What is the units digit of x(-18)?
5
Suppose 4*g - 746 = -5*c, 546 = 3*g - 4*c + c. What is the tens digit of g?
8
Let r(p) = -4*p**3 + p. Let y be r(-1). What is the units digit of -32*((-9)/y)/6?
6
Suppose -s + 6*s + 25 = 0. Let i(m) = m**2 + 4*m - 1. Wha